4 + (-5 - -12) + -13?
-2
What is -2 - (-8 + 0) - (0 - 0)?
6
Calculate (-3 - -5) + -2 + 5 + -2.
3
Calculate 5 + 0 + (1 - 6).
0
What is 3 - (-3 - -4) - -1?
3
Calculate 3 - (-1 - -5 - 4).
3
What is (0 - -6) + (22 - 32)?
-4
What is 7 + (-1 - 6 - -1)?
1
2 - 14 - (1 + -6 + -2)
-5
What is the value of -4 + 3 + -3 + 2?
-2
What is (-16 - -22) + (0 - -1)?
7
Evaluate 6 + -4 + -5 + 3.
0
12 - 7 - (3 + 5)
-3
Calculate 8 - 11 - (2 + 0).
-5
Calculate -85 + 86 - (-1 - 6).
8
(-1 - 5) + (-8 - -9) + 9
4
Calculate (8 - (9 + -4)) + -6.
-3
What is the value of -4 + (-7 + 5 - -12)?
6
What is the value of 5 + (-2 - -2 - 0)?
5
What is 12 - 16 - (1 + (-6 - -3))?
-2
What is the value of (1 - 0) + 16 + -18 + -2?
-3
Calculate -1 + 2 - ((3 - -3) + -7).
2
What is the value of (6 - (-1 - -3)) + (26 - 30)?
0
Calculate (-4 - 1) + 8 + 4 + -13.
-6
Evaluate (2 - (2 - -1)) + (7 - 2).
4
5 + (5 - (-2 + 12)) + 6
6
What is 5 - (-4 + (-11 - -12))?
8
What is -2 + (-7 - (2 - (4 + 2)))?
-5
What is 1 - (1 + 1 + -3 - -2)?
0
What is -3 - ((1 - (2 - 1)) + -1)?
-2
Calculate 0 - (-3 - -1) - (2 + -5).
5
Evaluate (-2 - 3) + 6 - (-3 - 2).
6
What is the value of -4 + (-3 - 0 - (-18 + 14))?
-3
Calculate 0 - (3 + (0 - -3) - 2).
-4
What is 2 + (1 - (-1 + 1))?
3
What is -6 - (-3 + 3 + -3 + 0)?
-3
What is -4 + 1 - (-1 + -2 + -1)?
1
Calculate -7 - (11 + -8 - 8).
-2
Evaluate 0 - (3 + -4 + 0).
1
Evaluate (9 + -7 - 8) + 1.
-5
What is the value of -2 - -1 - (-1 - -7)?
-7
8 - (4 + 0) - (0 - -4)
0
Calculate 8 + (-4 - (-6 + 3)).
7
What is 3 + -13 - (-50 - -34)?
6
What is -8 - (-5 - 3) - 5?
-5
-3 + 11 + (-3 - -4) + -4
5
What is 1 - 4 - (1 + -8)?
4
What is the value of 4 + -10 + (2 - -1)?
-3
Evaluate (-3 + 6 - -3 - 3) + 2.
5
Evaluate -9 + (-9 - (-2 + -5) - -8).
-3
What is the value of -4 - (-4 + 3) - -3?
0
Evaluate (29 - 10 - 11) + -2.
6
Calculate -2 + -7 + -2 - -20.
9
3 - 1 - (-3 + (5 - -2))
-2
Calculate 1 + 9 - (17 - 8).
1
(2 - (7 - 0)) + 2 + 6
3
Calculate -1 + (6 - 5 - -4).
4
Calculate 16 + -15 + -1 + (2 - -2).
4
Evaluate 2 - ((2 - 1) + -3 + -1).
5
Evaluate -8 + (-8 - (-21 - -10)).
-5
-2 + -8 + 19 + -6
3
Calculate 6 + (-4 - -2) + (0 - 6).
-2
What is the value of 4 - (17 - 2) - -10?
-1
18 + -4 - (15 + -7)
6
(-11 - -4) + (4 - -4)
1
What is -1 + -3 + 0 + -3 - 0?
-7
Evaluate -5 + (3 + -8 - (-17 + 3)).
4
Calculate -4 - (-12 - -2) - (10 - 3).
-1
Calculate -3 + 2 - (4 + -1 + -9).
5
Calculate 0 + 1 - (3 + -6).
4
Evaluate (0 - (0 + 0)) + 5.
5
Calculate (0 - 0) + (3 - -1 - -1).
5
Evaluate -8 + 4 - (-3 + 4).
-5
Evaluate (21 - 5 - 6) + 4 + -7.
7
What is the value of (-4 - -6) + 3 + -15 + 4?
-6
What is 3 + -4 - (-5 + -3 - -3)?
4
What is -13 - (-10 + 13 + -21)?
5
-1 - (5 + (-4 - 3)) - 4
-3
Calculate -4 + -5 + (19 - 12).
-2
What is the value of 1 + (1 - (-8 + 12))?
-2
-14 - -6 - (2 + -5 - 4)
-1
What is 23 - 28 - (-2 + 0)?
-3
Calculate 0 - (6 + -4 + -1).
-1
Calculate -1 + 8 - (8 + -4 + -2).
5
Calculate -3 + -4 + 4 + 7 - -3.
7
What is the value of 6 - (-4 + 0 - -7)?
3
Evaluate 3 + (-1 - 5) + 4 + 1.
2
Evaluate (-2 - -1) + 4 - 4.
-1
(12 - 6) + (-1 + 3 - 3)
5
Calculate (1 + -1 - 2) + (-21 - -24).
1
What is the value of -3 - (-14 - -4) - 3?
4
Calculate -5 + (0 + 1 - -6).
2
11 + -11 + 6 + 2 + 2
10
What is the value of (-3 - -3) + 3 + 1 + -4?
0
Calculate -3 + (3 - 6) - -8.
2
Evaluate -3 + -4 + 7 + 0.
0
4 + -5 + (4 - 10) - -5
-2
-12 + (23 - 10) - (0 + 5)
-4
What is -1 + -2 - (11 + (-13 - 0))?
-1
Calculate (-1 - 2 - -3) + 2 + 1.
3
What is the value of 0 - (-9 + -8 + 10)?
7
What is the value of -3 + 4 + -3 + -2?
-4
What is the value of -11 - (-2 - 0 - (0 + 5))?
-4
Evaluate (-4 - (1 - 2) - -10) + -3.
4
(0 - (-8 - -2)) + (9 - 10)
5
Evaluate -10 + 13 - (-2 + 0 + 3).
2
What is the value of -7 + 9 + 8 + -15?
-5
Evaluate 4 + -1 + -3 + -15 + 16.
1
Calculate 3 + (0 + -6 - (3 + -5)).
-1
Evaluate -2 + (4 - -2) - (6 - 5).
3
6 - (12 - 2) - -5
1
Calculate (9 - 3) + -5 + 0 - 4.
-3
Calculate 1 + 8 - (-28 + (-7 - -39)).
5
What is (2 - 7 - -3) + (-10 - -5)?
-7
What is -11 + 9 - (2 - 5)?
1
What is the value of (6 - -1) + 0 + -5 + 2?
4
What is the value of -4 + (2 + 1 - -14 - 6)?
7
-11 - (-3 + -3 + -6)
1
What is -3 - 5 - (3 - 4 - 3)?
-4
Calculate -5 + 6 + (0 - 3).
-2
What is the value of (1 - -1 - 6) + 18 + -10?
4
0 + (2 + -4 - (0 - 6))
4
Evaluate (4 - 4) + -2 - (0 - 2).
0
-3 + 2 - -5 - (23 + -21)
2
(3 - 8) + 1 - -1
-3
Evaluate -3 + (-2 - (-1 - (0 + 0))).
-4
Calculate 0 - (2 + -1 - 2).
1
-10 + -3 + (9 - 1)
-5
What is the value of -23 - -26 - (-2 - (3 - 5))?
3
Evaluate (1 - -3) + -2 + (2 - 2).
2
6 - (-1 + (-13 - -23))
-3
Calculate 7 + -9 + 3 + 1.
2
What is -2 + (-3 - -4 - -3)?
2
Evaluate 11 + -14 - 4 - (0 - 13).
6
What is 2 + (6 - 7) - 4?
-3
What is 2 + (3 - 2 - 3)?
0
What is the value of -2 - (4 + -3 + 0 - 6)?
3
(-5 + 1 - -15) + -5
6
3 + (1 - 0) + 1
5
-1 - ((3 - 0) + -4 - 2)
2
Calculate 6 - 15 - (-1 - 3).
-5
Calculate -4 - -5 - (3 - -2) - -7.
3
What is the value of (0 - 2) + 3 + (1 - 3)?
-1
Evaluate (-1 - (2 - -2)) + -2.
-7
Evaluate -2 + 1 + (0 - -3).
2
What is the value of 11 + 1 + -5 + -2?
5
Evaluate (-10 - -8) + (2 - 0).
0
Evaluate -11 - -9 - (-1 - (-1 - 0)).
-2
What is the value of -5 - (-7 - (-8 + 3)) - -10?
7
What is (7 - 4) + 0 + (24 - 22)?
5
(3 - 3 - 1 - 2) + 8
5
Evaluate -6 - -9 - -2 - 10.
-5
Evaluate 6 + (-5 - -3 - (-1 + 2)).
3
Evaluate (-8 - (-8 + 4)) + 3.
-1
What is 0 - 3 - (3 + (-6 - 2))?
2
What is (-2 + 3 - 0) + (-1 - 2)?
-2
Evaluate (1 - -5) + (-5 - 4).
-3
(14 + -3 - 1) + (-1 - 1)
8
Calculate (16 - 19) + 9 + (0 - 8).
-2
What is the value of -2 + 1 - (-4 - (-21 - -12))?
-6
What is 0 - 5 - (10 - (-11 - -22))?
-4
What is (-2 + 2 - 2) + (-6 - -2)?
-6
-2 + 0 - 1 - 0
-3
26 + -26 - (3 + -1 + 0)
-2
What is the value of -2 - -2 - (-1 + -2)?
3
(2 - 9 - -4) + 2 + -3
-4
Evaluate -7 - -9 - (-5 + -4 + 6).
5
What is -13 - -8 - (-14 - (-2 - 1))?
6
What is the value of 2 + -8 + 0 - -4?
-2
Calculate 2 + 4 + -3 - 1.
2
10 + -1 + -6 + -1
2
Evaluate -5 - -1 - (21 + -29).
4
What is the value of 1 + 2 - ((6 - 4) + 0)?
1
Evaluate -3 + (-2 + 3 - -1) + 0.
-1
What is (-2 - -3) + -5 + (-9 - -17)?
4
Evaluate 2 + 0 + (11 - 10).
3
What is 0 - -2 - -1 - (-7 - -13)?
-3
(0 + 5 - 4) + 2 + -5
-2
What is the value of 0 - 4 - ((0 - 1) + -2)?
-1
-13 + 28 - (14 - 1)
2
Calculate 4 + 4 + 1 + -8 + 1.
2
Evaluate (5 - 4) + 2 + 1.
4
What is 4 - 1 - (-1 - -6)?
-2
Calculate -10 + 8 - (-3 + (2 - 4)).
3
What is the value of -48 - -47 - (-1 - -4)?
-4
Evaluate -6 - (-6 + (-1 - 5 - -9)).
-3
Evaluate 1 - (1 + -2 + (5 - 7)).
4
Evaluate 0 - -5 - ((-3 - 4) + 7).
5
-4 - (-5 - -2 - 3)
2
Calculate -28 + 26 + 0 + 9.
7
Calculate 2 + -6 + -2 - -1.
-5
-12 + (8 - 12) + 24
8
What is 7 + -3 - -2 - 0 - 5?
1
What is the value of -142 + 146 + (-2 - 0)?
2
What is the value of (0 + 9 - 4) + -9?
-4
What is 11 - 16 - (-1 - 2 - 2)?
0
What is 7 - (8 - -2) - 2 - 3?
-8
What is the value of -9 + (10 + -1 - 2) + -2?
-4
0 + 3 + 6 - 4
5
Calculate 1 - (-4 + 4) - 4.
-3
What is 11 - (-7 + -5 + 29)?
-6
What is the value of -7 + (11 - (7 - (1 - -3)))?
1
30 - 39 - (-5 + -1)
-3
What is the value of 1 + 0 + (-47 - -41)?
-5
19 - 32 - (-22 + 7)
2
-1 - (-7 + 4 + 10 - 3)
-5
What is the value of -4 - ((0 - -5 - -3) + -6)?
-6
Evaluate -7 - 0 - (-7 + 3 + 4).
-7
What is the value of 5 - (5 + -2 + -2)?
4
(9 - 8) + -3 + 7
5
What is (-312 - -309) + -1 + -1 + 0?
-5
Calculate (36 - 42) + 2 + 1.
-3
Evaluate 8 - 1 - (-6 + 15).
-2
What is the value of 5 + -5 + -6 + 4?
-2
Evaluate (0 - (5 - -3)) + 3.
-5
Calculate -1 + -11 - (18 + -24).
-6
What is the value of 1 - (6 + -5 + 1 + 0)?
-1
Calculate 5 + 2 + (4 - 10).
1
6 + 1 + (4 - 7)
4
What is the value of -3 + 6 + -4 + 3 + -1?
1
What is (10 - 3) + -3 - (1 + -2)?
5
What is -5 + 4 + (3 - 10)?
-8
Calculate 7 + -8 + -7 + 10.
2
What is the value of (-31 - -23) + 11 + 1?
4
What is the value of -2 - (-2 - -1) - (-4 - -7)?
-4
What is the value of 3 + 0 + (0 - 1 - -2)?
4
Calculate (-15 - -21) + 1 + -14.
-7
Calculate 1 + -2 - (-1 - -4).
-4
Calculate (-10 - -1) + 8 + -1.
-2
What is the value of 9 - 5 - -7 - 14?
-3
Evaluate -9 + 3 - (-7 + -2 + 9).
-6
Calculate -6 - -3 - (2 + 0 + -2).
-3
(-7 - -4 - -4) + 1 + 0
2
What is 6 - 2 - (-2 + 10 + 0)?
-4
What is the value of -3 - -3 - (10 + -17 - -12)?
-5
Calculate 9 + -3 + -12 - (-1 + 1).
-6
What is the value of (-4 - 0) + (-88 - -88)?
-4
(13 + -3 - 6) + -2
2
0 + 2 